5) - (0 + (10 - 4) - -1).
7
What is the value of 23 + 36 + -65 - (-2 - -3) - -6?
-1
Evaluate -16 - -3 - (-13 + 25 + -56 + -6).
37
Calculate -503 - -546 - (-9 - 14).
66
11 + (-2 - -2) + -76 + 85
20
(31 - (11 - 7)) + -7 - -2
22
3 + (-10 - -6 - -2 - (30 + -27 + -1))
-1
Calculate -38 + (-36 - -120) - 41.
5
(-67 - -40) + (8 - (6 + -8)) + -2 + 7
-12
-65 - (-37 - 15) - -74
61
What is (-199 - -197) + (1 - -30)?
29
What is the value of (-9 - (-24 + (-9 + 9 - -8)) - -41) + 2?
50
Evaluate -20 + (9 - -120) - 29.
80
Evaluate (249 - 256) + 56 + 2 + -16.
35
-161 + 311 + -215 + -1 + -12
-78
-12 - ((19 - -1) + -566 + 550 + (-59 - 2))
45
14 + (-25 - (7 + -10)) + 3 - 69 - -13
-61
Calculate -81 + 131 - (-40 - -29).
61
134 + -105 + -3 + 0 + -45
-19
What is -7 + 40 + (11 - 14) + (1 - -18)?
49
-12 + 73 - 70 - 33
-42
Evaluate -12 - -89 - 144 - -120.
53
What is -273 - -262 - (-4 + 1 - (40 - 0))?
32
What is -162 + 235 - 78 - (-11 - (1 - 1 - 1))?
5
5 + (-23 - (-1 + -9)) + (36 - (2 - 1))
27
What is the value of -1 + 1 + (-5 - -3) - (-32 - (-103 - -32))?
-41
(35 - 45) + 77 - 3
64
What is (-3 - (2 + 7 + -19 - 4)) + 4?
15
Calculate -26 + -17 + 25 - -28.
10
Calculate (35 - 1) + (1922 - 1914).
42
Evaluate (16 - (24 + -17 - -25)) + -1 + (4 - -1).
-12
-22 + (19 - -1 - 60) + 16
-46
Calculate (73 - -9) + (1 - 18 - 14).
51
What is 3 + (3 - 2) + 55 - (-20 - 9 - -33)?
55
Calculate (4 - (29 + -107)) + 32 - (5 - -1) - 15.
93
Calculate 48 - (1 - 34) - 124.
-43
What is 6 - ((678 - 695) + (3 - (87 - 3)))?
104
What is (7 - 1) + 0 - 0 - ((242 - 17) + -178)?
-41
(7 - 82) + -68 - -86
-57
Evaluate 1 + 32 - (10 + 6 + 1).
16
Evaluate -4 + 15 + (-16 - (-78 - -42)).
31
What is the value of 9 - (75 + 17) - -103?
20
What is the value of -248 - -246 - (3 - 3 - -4)?
-6
Calculate -11 - (6 - ((-1 + 16 - 3) + -15)).
-20
-5801 - -5733 - (1 - 43)
-26
Calculate 5 - (-24 - (-22 - (-7 - 1))).
15
-82 + 27 + (99 - -11)
55
Calculate 529 + -483 - ((8 - 9) + 51).
-4
What is the value of 42 - -34 - 23 - 69?
-16
What is (1 - -4) + (-6 - 3) + (-113 - -128) - 26?
-15
What is -88 + (18 + 200 - 68)?
62
Evaluate (-3 + -14 - -2) + (-6 - -73) + -62 + 36.
26
What is -20 - -63 - (40 - 35)?
38
Calculate (42 - 50) + (66 - 144).
-86
What is (5 - (47 + -153)) + (6 - (-7 - -28))?
96
What is 96 + (-80 - -90) + -54?
52
Calculate (-14 + (2 - 4) - -48) + -8 + 31.
55
What is the value of (71 - (5 - -78)) + 49?
37
Evaluate 51 + -69 + -38 - -179.
123
What is -1 + (14 - 0) - (-140 + (-55 + 27 - -69))?
112
Evaluate -5 - 3 - (-24 - 0) - (-1 + -14).
31
23 + (7 - (-23 - -30 - 29))
52
What is the value of 20 + 1 + -8 + (-78 - (-11 - -35))?
-89
Calculate 3 - (-3 + 14 - 4) - ((4 - 53) + -8).
53
Evaluate -19 + (1 - 0) - (54 - (60 + -6)).
-18
19 - (231 - 115) - 36
-133
What is (28 - (12 - -51)) + 24 - 14?
-25
Calculate -40 + (57 - 42) - (-1 - -5 - (-2 + 0)).
-31
Calculate -5 + 2 + 3 + -5 + 14 - (-545 - -588).
-34
What is the value of -16 + 1 - (-14 + -1 - (-46 - (-45 - -104)))?
-105
Evaluate (18 - 2) + (-109 - -99) - -7 - 108.
-95
-42 + (17 - 19) + (22 - 31) + -13
-66
What is the value of -44 + 1 - (202 - (157 + 34))?
-54
Evaluate (78 + -51 - -26) + -174.
-121
Evaluate (-40 - (-55 - -73)) + 0 + -1.
-59
What is 4 - 25 - (-37 - -41 - (8 + (5 - 3)))?
-15
Evaluate (91 - 19) + 27 + -55.
44
What is the value of -2 + (1 + 3 - 3) + (78 - (-11 - -38))?
50
Evaluate -91 - 1 - ((-2 + -1 - -13) + (-313 - -294)).
-83
What is -60 + (16 + -3 - (-52 + 43 - -17))?
-55
Calculate -3 + (15 - 3) - (-27 - -15 - -22) - 8.
-9
Calculate -48 - (-12 - (87 - 37)).
14
What is the value of (28 - 97) + (-10 - -1) + -15 + (18 - 3)?
-78
Calculate (-3 - (-2 + -2 - -5)) + -3 - (-1084 - -1034).
43
What is the value of (-66 - 1) + -15 + (67 + -31 - 29)?
-75
Calculate -98 - (8 - -51) - -165.
8
What is 23 + 1 - ((45 - 85) + 65 - -73)?
-74
What is -37 - (-59 - -15) - ((-1 - -3) + 1)?
4
Evaluate -1 + 10 + -1 + -7 + -13.
-12
Evaluate (121 - 7) + (-9 - (2 + (-5 - -5) + -2)).
105
Evaluate (12 + -18 - -28) + (-87 - 6).
-71
Calculate -8 + (6 - 3) - (3 + -20 + -3 + 10).
5
What is the value of (-76 - (57 + -135)) + 31?
33
What is 22 + (24 - 48) - (10 - 23)?
11
What is the value of 92 + -30 + -218 + 86?
-70
Calculate (13 - -9) + (-172 - -150).
0
What is the value of -54 + (-55 - (33 - 82))?
-60
Calculate -49 + -6 + 73 - (5 + -6 - (2 - -1)).
22
What is 21 + -23 - ((-5 - 1) + 138 + -131)?
-3
What is 10 + (105 - -32) + -24 + (-5 - 2)?
116
What is the value of 3 + 1 + -48 + -4 - (-2 - (5 + -4))?
-45
What is -15 + -1 + 1 + 154 + -175 + -27?
-63
What is the value of 23 + -18 + (10 - 24) - -11 - (-2 + -16)?
20
What is 929 - 951 - (1 + 0 + (-6 - -5) + 5)?
-27
What is the value of -109 - -94 - (-3 + (-4 - -20))?
-28
Evaluate (2 - (-60 + 93)) + 1 + 0 - 5.
-35
What is the value of 2 - -50 - (1912 + -1905)?
45
Calculate (-124 - (-4 + -3 + 11 - 3)) + 4 + -1.
-122
What is -32 + -1 - (-39 + 22 - -15)?
-31
What is the value of 12 + (1 - -2 - (-352 - -364)) + 38?
41
Evaluate 5 - (-94 - -177 - 102).
24
What is the value of (5 - -28) + -22 + 11 - 63?
-41
What is -70 + 19 + (84 - -7)?
40
(0 - (-17 - 1)) + 43 + (-73 - -21)
9
Calculate 39 - (-85 + 149 + -47 + 1).
21
What is the value of -13 - (18 - (-4 + -32 - (-10 + 14)))?
-71
2 + -9 - (2 + -38 - 14) - (7 - 11)
47
Evaluate 6234 - 6486 - (0 - 137).
-115
What is the value of 22 + 93 + 11 - 237?
-111
Evaluate -32 - (15 - 3 - (34 + -3 + -17)).
-30
Evaluate (-12 + 5 - -61) + -15 + (7 - 0) + 4.
50
What is -29 + 41 + -6 + -6 - (-13 + 1)?
12
What is 15 + 1 + -1 - (2397 + -2418)?
36
-21 - (-31 + -2 + -18 + 37)
-7
1 + -13 - (29 - 51) - 11 - -4
3
What is the value of (-29 - -1 - 0) + (21 - -239) + -272?
-40
What is the value of -4 + 17 - (59 + -54 + (-1 - -29))?
-20
Evaluate 3 - ((2 - -57 - -3) + 544 + -543).
-60
Calculate 6 - (-73 + (0 - -66)).
13
7 + (-40 + -1 + 32 + -24 - 12) - 6
-44
-18 - ((9 - 2) + -27 - -3)
-1
What is the value of (82 - 73 - 51) + -29?
-71
Evaluate (-1 + -4 - (55 + -58) - (0 - 0)) + 5.
3
Evaluate 60 + 0 - (-50 - (-62 - -36)).
84
What is the value of 15 - 0 - (117 + -58 + -16) - 18?
-46
Evaluate 6 + 3 + (2 - -15) - 18.
8
Calculate -5056 - -5052 - (1 + -1).
-4
What is the value of 18 + 9 + 329 + -376?
-20
Calculate 49 + (116 - 59 - 138).
-32
What is the value of 125 + -184 + 28 - -1?
-30
-29 - (-6 + (1 + -1 + -4 - -14))
-33
-4 - 72 - (803 - 820)
-59
Evaluate -34 + -25 + (-23 - -47) - ((-2 - -12) + 1).
-46
-1 + (-5 + (29 - -3) - (0 + -8)) - 3
31
What is the value of (-20 - (15 - 42)) + -54 + -11?
-58
Evaluate (-7 - 78) + (-87 - (15 - 97)).
-90
-11 + (10 - (-6 + -11 + 31)) + -85
-100
Calculate -38 - 5 - (13 + -20).
-36
What is the value of 21 - (43 + -120 + 140)?
-42
(-23 - -42) + (-3 - 28) - -24
12
-1 - -1 - -5 - (65 - (-14 - -55 - 19))
-38
What is the value of 1 - -13 - -1 - (1283 + -1273)?
5
Evaluate -16 + (16 - 11 - -1) + 22 + -69.
-57
Evaluate -11 - ((3 - (13 - 5)) + -5).
-1
What is the value of 7 - (6 + (-7 - -1 - (-7 - -147)))?
147
Calculate (20 - 14 - 110) + 17.
-87
What is the value of 28 + -6 + (-64 - -62)?
20
What is the value of (30 - (43 - 7) - 28) + 46?
12
What is the value of 35 + (-50 - -4) + -3?
-14
Calculate 2 - 5 - (-2 - 5 - (-140 + 25)).
-111
What is -5 + 1 + (1 + 18 + (-25 - 4) - 5)?
-19
465 - 490 - (3 + 2 + -2 + 0) - 6
-34
What is the value of (-9 - -22) + (-2 + 2 - (-5 + -19))?
37
1 - ((163 - 246) + (3 - (-1 - (3 + 0))))
77
Calculate (-21 - (-77 + 12 + 9)) + -3.
32
What is -2 - 167 - (-998 + 868)?
-39
What is the value of -15 + 5 + -7 + (-3 - -12) - -74?
66
What is -1 + 101 + (1 + 0 + 0 - (-8687 - -8698))?
90
What is -95 + 40 + 85 + (-2 - 28)?
0
Evaluate 2 - (-5 + (8 - 20 - -25 - (-21 + 116))).
89
Calculate (2 - (-34 + -20)) + -7.
49
-65 + (86 - 103) - -11
-71
What is the value of (1 - 30) + 13 + -30 - -174?
128
Calculate 51 - (-35 + 107 + -17).
-4
((-26 - -156) + -35 - -8) + -22
81
Calculate 58 + -45 + -49 + -6 + 5 + 3 + 1.
-33
Calculate 71 + 2 + -3 + (9 - (26 - 6)).
59
What is the value of 0 + 0 + -1002 + 977 + 2 + -109?
-132
Calculate (-10 + -3 - (-8 - 39)) + 40.
74
What is 59 - ((-15 - 29) + 188)?
-85
Evaluate -37 - 1 - (6585 - 6670).
47
Evaluate -24 + 39 + -6 - (0 + -4 + (62 - 0)).
-49
Calculate 64 + (0 + 4 - ((-29 - -56) + -20) - 2).
59
-13 + -9 + 48 + -9 + 0
17
What is 4 + -17 + 27 + (30 - (-74 - -12))?
106
8 - 8 - (25 + (